Suppose 2*l + l - 9 = 0. Let v be l*(-1 - (-2 - 0)). Let m(z) = -1 + v*z - 2 + 2 - z. Give m(-3).
-7
Let r be (-1 - (5 - 0))*(-3)/(-2). Let d(a) = -a**2 - 11*a - 9. Determine d(r).
9
Let v(z) = -z**2 + 8*z - 14. Let w be v(4). Let j(o) = o**2. Give j(w).
4
Let c(p) = -3*p - 1. Let r(t) = -3*t - 1. Let f(j) = 5*c(j) - 4*r(j). Give f(-2).
5
Let z(d) = -2*d**3 + 2*d**2 - d + 3. Let x(u) be the first derivative of -u - 2. Let y(n) = -3*x(n) - z(n). Let r = 30 - 28. Determine y(r).
10
Let h be 36/16*(-8)/3. Let p(m) = 2*m**3 + 8*m**2 - 10*m - 5. Let y(c) = c**3 + 4*c**2 - 5*c - 2. Let g(r) = h*p(r) + 13*y(r). What is g(-5)?
4
Let s(d) = -d + 2. Let h be s(-1). Let i(a) = 4*a - 2*a - h*a + 8. What is i(0)?
8
Let p(f) = 13*f**3 + 6*f**2 + f - 6. Let k(q) = q**2 - 1. Let r(h) = -5*k(h) + p(h). Determine r(1).
14
Let q(c) be the second derivative of -5*c**4/6 + c**3/6 - c**2/2 - c. Calculate q(1).
-10
Let q = -3 - -9. Let h be (-2)/12 + 1/q. Let x(p) = 2*p + h*p**2 - p**2 + 3*p + 1. Calculate x(3).
7
Let w(a) = a - 5. Suppose -23 - 27 = -5*v. Let n be w(v). Let x(m) = -m**3 + 6*m**2 - 3*m - 4. What is x(n)?
6
Let d(s) = 12*s**2. Let l(m) = -12*m. Let v be l(1). Let g = 11 + v. What is d(g)?
12
Let q(t) = t**2 - 6*t + 3. Suppose -3*v - 14 = -3*b - v, 5*b - 5*v = 30. Let l = 1 + b. What is q(l)?
-6
Let u(r) = r**2 + 5*r - 7. Let s(f) = 6*f**2 + 26*f - 36. Let d(b) = 2*s(b) - 11*u(b). Determine d(6).
23
Let r(n) = -159*n**2 + 52*n**2 + 51*n**2 + 54*n**2. Let w(a) = -a**3 - 7*a**2 - a - 6. Let m be w(-7). What is r(m)?
-2
Let r(x) = 4*x**2 + x + 6. Let p(y) = y**2 + 1. Let a(t) = 6*p(t) - r(t). Let v be 5/10 - (-18)/(-4). Let m = v + 3. Calculate a(m).
3
Let n = 0 + 2. Let a(j) = 3 + 2*j**3 + j**n - 4*j**3 - 5 + j**3 - j. Suppose 0 = -r + 2*i - 7*i - 13, 4*r + 2*i = 2. What is a(r)?
-8
Let x(w) be the second derivative of 2/3*w**4 - 9*w + 5*w**2 - 1/20*w**5 - 1/3*w**3 + 0. Determine x(8).
-6
Let r(n) be the third derivative of n**5/60 + 5*n**3/6 - n**2. Give r(0).
5
Let w(c) = -c**2 - 12*c**3 + 6 + 4 - 9 + 3*c**2 - 2*c. Determine w(1).
-11
Let n(d) = d**3 - 3*d**2 - 3*d + 1. Let u(i) = 2*i - 26. Let s be u(15). Determine n(s).
5
Suppose 4*v = -5*k - 11, 2 = 8*k - 7*k + 5*v. Let n(b) be the third derivative of b**6/120 + b**5/30 - b**4/24 + b**3/2 - b**2. What is n(k)?
-3
Let t(x) = -x**2 + 12*x + 16. Let u be t(13). Let q(y) be the first derivative of -3 + 4*y + 5/2*y**2 - 2/3*y**u. What is q(4)?
-8
Let l(c) = 3*c + 8 - 5*c + 3*c. Determine l(-6).
2
Suppose 0 + 16 = 4*t. Let f be (2 + -2)/(t/(-2)). Suppose -3*m + 3 + 3 = f. Let c(r) = 2*r**2 - r + 1. What is c(m)?
7
Let g(o) = o - o**2 - 1 - 3 + 2*o. Let j be 2 - ((-4)/2 + 1). Give g(j).
-4
Let o(m) = m - 4. Let f be o(8). Let v(q) = f*q - 6*q + 3*q. Let r = 7 - 10. What is v(r)?
-3
Let x(m) = 4*m + 57 - 30 - 25 - 5*m. Let r be -8*3/((-6)/(-5)). Let n be (12/(-10))/((-6)/r). Calculate x(n).
6
Suppose 0 = -5*p - 0*p - 5. Let y(q) = 5*q**2 + q. Let h be y(p). Let x = -2 + h. Let u(b) = b**2 - 3*b + 3. Calculate u(x).
1
Let a(n) be the third derivative of n**7/2520 + n**6/144 - n**5/30 - 3*n**2. Let o(i) be the third derivative of a(i). Calculate o(-4).
-3
Let q(m) be the second derivative of -m**4/12 - 4*m**3/3 - 9*m**2/2 - 22*m + 2. What is q(-6)?
3
Let q = -15 - -16. Let b = -8 + q. Let g(r) = r + 1. What is g(b)?
-6
Let r(d) be the first derivative of 2*d - 3 + 1/2*d**2 - 1/3*d**3. Calculate r(-2).
-4
Suppose 5*m - 4*s + 5 = -2, 5*m = 5*s - 10. Let g(d) = -8*d. Calculate g(m).
-8
Suppose 0*y + y - 6 = 0. Suppose y*i - 2*i - 64 = 0. Suppose 3*p = -i + 1. Let f(v) = -v**2 - 4*v - 4. Calculate f(p).
-9
Let p(d) = 28*d - 11*d + d**2 - 12*d. Calculate p(-3).
-6
Let v(r) = r**3 + r**2 - 1. Let y be v(-1). Let d(t) = -7*t + 1. Let b(s) = -s. Let u(g) = -4*b(g) + d(g). Determine u(y).
4
Let v(k) = k**2 - 7*k - 9. Suppose -12 = -2*o + 2. Calculate v(o).
-9
Let p(y) = 2*y - 5 + 6*y**2 - 1 + y**3 - 2*y**3. Determine p(6).
6
Suppose 0 = 5*j + 8 - 23. Suppose 4*r + 12 = -4*g, 0 = r + j - 2. Let h(l) = -l**3 + l**2 + 3*l + 3. What is h(g)?
9
Let h(i) = -4*i - 5. Let v be (-2 - (-40)/16)*24/2. Calculate h(v).
-29
Let b(t) = t**3 - 7*t**2 + 6*t - 4. Let a be (2 - (-9)/(-3))*10/(-2). What is b(a)?
-24
Let w(g) = g - 16. Let s be w(10). Let r(h) = -h**2 - 5*h - 2. Calculate r(s).
-8
Suppose -2*l = 2*m + 8, 0 = 4*m - 5*l + 8 - 1. Let f(z) = 2*z - 4. Determine f(m).
-10
Let h = 4 - 7. Let i(r) be the second derivative of -r**6/120 - r**5/30 - r**3/2 + 2*r**2 - r. Let g(k) be the first derivative of i(k). Determine g(h).
6
Let u(o) = -5*o + 5. Let g be u(-2). Let y = g - 16. Let z(d) = 4*d**3 + 2*d**2 + d. Determine z(y).
-3
Let c(r) = r**2 - 3 - 2*r**2 + 2*r + 0. Let t(g) = -g**3 + 4*g + 3. Let d be t(-2). Determine c(d).
-6
Suppose -2*u = -5*u + 15. Let f(g) = 5*g**3 + g + 2 - 4*g**3 + 2*g**2 - u - 5*g**2. Determine f(3).
0
Suppose -b = 2*b - 15. Let w = -5 + b. Let u(f) = -f**3 + 7. Calculate u(w).
7
Suppose -5 = -c - 4. Suppose -t = 1 + c. Let x(w) = 45*w - 3*w**2 + 2 - 27*w - 19*w. Determine x(t).
-8
Let w(v) = -7*v**2 + 9*v + 4. Let f(j) = 6*j**2 - 8*j - 4. Let n(b) = -6*f(b) - 5*w(b). Suppose 3*o - l = -o + 20, -3*o + l = -16. Determine n(o).
0
Let j = -27 + 17. Let p be 2/j + 4/(-5). Let h(g) = g - 1. Determine h(p).
-2
Let w = 1 + 11. Suppose w = -j + 4*j. Let g(x) be the first derivative of x**2/2 + x + 39. Calculate g(j).
5
Let w(h) = h**2 - 3*h + 2. Let t(y) be the third derivative of -y**6/120 - 4*y**5/15 + 2*y**4/3 - 7*y**3/3 + 7*y**2. Let f be t(-17). Give w(f).
2
Suppose -3*t - 87 = -33. Let c = t - -24. Let r(n) = -2*n + 6. Calculate r(c).
-6
Suppose 0 = -k - k + 200. Let o(c) = 2 + 1 + k*c**2 - 101*c**2. Give o(3).
-6
Let n(c) be the third derivative of 0*c - 1/2*c**3 + 1/60*c**5 - 4*c**2 + 0*c**4 + 0. Let d be 2*(3/6 - -1). Calculate n(d).
6
Let q(x) = x + 3. Let d be -2*9/12*-2. Let s = -1 - d. Calculate q(s).
-1
Let r(h) = h**3 - 8*h**2 + 15*h - 13. Let d be r(6). Let i(x) = x**2 - 5*x - 1. Calculate i(d).
-1
Let u = 1 - -1. Let h(x) = -x**3 + 4*x**u + 0*x**3 - 2*x**2 + 2*x + 3. What is h(3)?
0
Let b(p) = 7*p - 1. Let x(k) = -k**2 - 6*k - 3. Let o be x(-5). Let g(w) = -w**3 + 3*w**2 - w - 1. Let r be g(o). Calculate b(r).
6
Let x(f) = -f. Suppose -3 = h + 3. What is x(h)?
6
Let f(o) = -o + 6. Let w(b) = b**3 + 8*b**2 + 7*b + 2. Let g be w(-7). Suppose g*z + z + 9 = 0. Let q = -3 - z. Calculate f(q).
6
Let w(k) be the first derivative of -k**2/2 + 5*k + 3. Suppose 30 = 3*v + 3*v. Give w(v).
0
Let o(h) be the third derivative of -h**4/12 + h**3/2 - h**2. Let a(l) = l - 1. Let n be a(3). Give o(n).
-1
Let t be ((-16)/2)/4 - -9. Suppose 5 = 3*r + 4*n + 10, 4*n = -r - t. Let x(s) be the first derivative of -s**4/2 - s**3/3 + s**2/2 + 1. Determine x(r).
-2
Let n be (8/(-10))/((-8)/60). Let h be (-87)/(-27) - n/27. Let y(s) = h*s + 0*s**3 + s**2 + s**3 - 2*s + s**2. What is y(-2)?
-2
Let v(k) = -k**2 + 3*k - 1. Let q(r) = 3*r**2 - 5*r + 1. Let u(g) = 2*q(g) + 5*v(g). What is u(-4)?
-7
Suppose 4*h = h + 3. Let a(g) = h - g - 1 - 1. Suppose -3*r = 3*n + 2 + 4, 2*r + 16 = 2*n. Give a(n).
-4
Let i = 0 + 2. Let t(a) = -a**2 - 10*a - 7. Let k be t(-7). Suppose -2*m = 2*m + 4*v + 24, -k = i*m + 3*v. Let u(f) = f - 1. Calculate u(m).
-5
Let l = 9 - 6. Suppose -l*m = -m + 4. Let h(f) = f**3 + f**2 - 4*f - 3. Calculate h(m).
1
Suppose v + 3 = -2. Let m(j) = 7*j**2 + 17*j - 3. Let b(u) = -3*u**2 - 8*u + 1. Let z(g) = 5*b(g) + 2*m(g). What is z(v)?
4
Let p be 0/((0 + 1)/(-1)). Suppose p = -t - 0*t. Let m(c) = -c**2 + 16*c - 12*c + 5 - 5*c. Calculate m(t).
5
Let i(z) = 3*z + 3. Let j(w) = -2*w**2 - 4*w + 9. Let r be j(-3). Give i(r).
12
Let z(u) be the third derivative of -u**4/24 - 5*u**3/6 - 3*u**2. Give z(-5).
0
Suppose 13*v - 4 = 11*v. Let f(y) = -2*y**3 + 4*y**2 - 2*y. Calculate f(v).
-4
Let o be 0/((-1 - 0)*-3). Suppose t = -o*t + 4, 2*t - 23 = -3*k. Let i = 2 - k. Let v(f) = -f - 3. Calculate v(i).
0
Let j = -8 - -7. Let c(s) = 6*s - 1. Determine c(j).
-7
Let k(t) = -t**2 + 4*t - 4. Suppose x + 0*x - 5 = 0. What is k(x)?
-9
Let o be (-25)/(-10) + 2/(-4). Suppose 16 - 6 = o*n. Let q(u) = -u + 9. Give q(n).
4
Let q(p) = -p**3 + 28*p + 2*p**2 - 30*p - 2*p**2 - 3 - 5*p**2. Determine q(-5).
7
Let q = 9 + -5. Let s(p) 